ulate the remainder when 80751 is divided by 16032.
591
What is the remainder when 6241 is divided by 2995?
251
Calculate the remainder when 225405 is divided by 45022.
295
Calculate the remainder when 1290672 is divided by 26340.
12
Calculate the remainder when 56595 is divided by 3000.
2595
What is the remainder when 67200 is divided by 7911?
3912
Calculate the remainder when 1423475 is divided by 34711.
324
What is the remainder when 1996521 is divided by 3650?
3621
What is the remainder when 78465189 is divided by 1799?
5
What is the remainder when 144596 is divided by 1854?
1838
What is the remainder when 2284252 is divided by 89?
67
Calculate the remainder when 3964434 is divided by 10.
4
What is the remainder when 72477325 is divided by 356?
353
What is the remainder when 13664576 is divided by 8076?
8060
What is the remainder when 59828 is divided by 1109?
1051
What is the remainder when 5874067 is divided by 2937014?
39
What is the remainder when 1571337 is divided by 599?
160
Calculate the remainder when 215316 is divided by 3481.
2975
Calculate the remainder when 893302 is divided by 9722.
8600
Calculate the remainder when 365186 is divided by 225.
11
Calculate the remainder when 15387 is divided by 15125.
262
What is the remainder when 10351953 is divided by 180?
153
Calculate the remainder when 13492 is divided by 12288.
1204
Calculate the remainder when 6304220 is divided by 1260826.
90
What is the remainder when 78330978 is divided by 5789?
19
Calculate the remainder when 20961 is divided by 1506.
1383
Calculate the remainder when 13837078 is divided by 24404.
10
Calculate the remainder when 58663851 is divided by 315397.
9
Calculate the remainder when 862108 is divided by 218.
136
Calculate the remainder when 2793635 is divided by 177.
44
What is the remainder when 7550302 is divided by 299?
253
What is the remainder when 1116142 is divided by 4293?
4255
Calculate the remainder when 179543481 is divided by 133.
131
Calculate the remainder when 3163296 is divided by 541.
69
Calculate the remainder when 119313 is divided by 6986.
551
What is the remainder when 193845 is divided by 9141?
1884
What is the remainder when 29043136 is divided by 606?
586
Calculate the remainder when 41368 is divided by 323.
24
Calculate the remainder when 4317200 is divided by 21.
20
Calculate the remainder when 540877724 is divided by 225.
224
What is the remainder when 47904864 is divided by 977650?
14
Calculate the remainder when 3750444 is divided by 1329.
6
What is the remainder when 6247154 is divided by 236?
234
Calculate the remainder when 93127664 is divided by 6259.
3
Calculate the remainder when 52981 is divided by 17651.
28
What is the remainder when 763019 is divided by 96?
11
Calculate the remainder when 2121706 is divided by 41602.
4
Calculate the remainder when 32498 is divided by 32396.
102
Calculate the remainder when 5315223 is divided by 804.
783
What is the remainder when 79403348 is divided by 79403321?
27
Calculate the remainder when 520943 is divided by 65110.
63
What is the remainder when 23502 is divided by 4406?
1472
Calculate the remainder when 1040560 is divided by 31527.
169
Calculate the remainder when 53201828 is divided by 26600910.
8
Calculate the remainder when 11155717 is divided by 429066.
1
What is the remainder when 217940859 is divided by 20?
19
What is the remainder when 134747912 is divided by 3?
2
Calculate the remainder when 62277 is divided by 11867.
2942
What is the remainder when 1757532 is divided by 218?
16
Calculate the remainder when 1282529 is divided by 122.
65
Calculate the remainder when 64766 is divided by 1442.
1318
What is the remainder when 493372 is divided by 813?
694
Calculate the remainder when 1493758 is divided by 79.
26
Calculate the remainder when 232612 is divided by 352.
292
What is the remainder when 516555 is divided by 15?
0
Calculate the remainder when 76953237 is divided by 38.
7
Calculate the remainder when 29543244 is divided by 369.
366
What is the remainder when 22600830 is divided by 982644?
18
Calculate the remainder when 25619402 is divided by 2846597.
29
What is the remainder when 227304785 is divided by 190?
185
What is the remainder when 593967707 is divided by 54?
53
What is the remainder when 27369713 is divided by 67413?
35
Calculate the remainder when 3500434 is divided by 35004.
34
Calculate the remainder when 5533456 is divided by 57.
10
Calculate the remainder when 50330 is divided by 36.
2
What is the remainder when 523037 is divided by 3020?
577
Calculate the remainder when 7808652 is divided by 846.
72
Calculate the remainder when 90069 is divided by 3308.
753
What is the remainder when 479018 is divided by 10?
8
Calculate the remainder when 1105793 is divided by 440.
73
What is the remainder when 41346067 is divided by 1033651?
27
What is the remainder when 120587035 is divided by 13?
10
What is the remainder when 6172458 is divided by 7?
5
Calculate the remainder when 5690769 is divided by 1.
0
Calculate the remainder when 2276778 is divided by 854.
14
Calculate the remainder when 1684975 is divided by 20.
15
Calculate the remainder when 16312 is divided by 834.
466
What is the remainder when 27411708 is divided by 27411678?
30
What is the remainder when 4193306 is divided by 419319?
116
What is the remainder when 433532 is divided by 2580?
92
What is the remainder when 29018139 is divided by 424?
3
What is the remainder when 2287759 is divided by 762583?
10
Calculate the remainder when 88875831 is divided by 29625274.
9
What is the remainder when 202076 is divided by 793?
654
Calculate the remainder when 71700 is divided by 11949.
6
What is the remainder when 890754 is divided by 81?
78
Calculate the remainder when 129392 is divided by 441.
179
What is the remainder when 137832 is divided by 4265?
1352
Calculate the remainder when 2937509 is divided by 1468714.
81
Calculate the remainder when 6829884 is divided by 46780.
4
Calculate the remainder when 45498997 is divided by 1000.
997
Calculate the remainder when 26073 is divided by 406.
89
What is the remainder when 130167 is divided by 3575?
1467
What is the remainder when 16884121 is divided by 16884115?
6
Calculate the remainder when 3517156 is divided by 390792.
28
Calculate the remainder when 83825 is divided by 2689.
466
Calculate the remainder when 184945 is divided by 92009.
927
Calculate the remainder when 8110457 is divided by 24.
17
Calculate the remainder when 6162825 is divided by 123.
33
Calculate the remainder when 161442765 is divided by 42.
15
What is the remainder when 443556 is divided by 221759?
38
Calculate the remainder when 41631111 is divided by 46.
7
What is the remainder when 266405 is divided by 2776?
2685
Calculate the remainder when 557728 is divided by 46417.
724
What is the remainder when 3442347 is divided by 344207?
277
What is the remainder when 2698115 is divided by 4668?
11
What is the remainder when 363991 is divided by 90974?
95
Calculate the remainder when 9786693 is divided by 1069.
1067
Calculate the remainder when 7898 is divided by 1080.
338
What is the remainder when 134786 is divided by 3548?
3510
Calculate the remainder when 2593858 is divided by 68255.
168
What is the remainder when 546763 is divided by 39053?
21
What is the remainder when 8925390 is divided by 341?
56
Calculate the remainder when 732619 is divided by 2181.
1984
What is the remainder when 2464157 is divided by 899?
897
Calculate the remainder when 113201 is divided by 57.
56
Calculate the remainder when 49384 is divided by 720.
424
What is the remainder when 161954 is divided by 998?
278
Calculate the remainder when 1617625 is divided by 1172.
265
Calculate the remainder when 3097018 is divided by 19.
18
Calculate the remainder when 65279 is divided by 5373.
803
Calculate the remainder when 25464829 is divided by 475.
79
What is the remainder when 71288 is divided by 13954?
1518
Calculate the remainder when 41095772 is divided by 3559.
3558
What is the remainder when 4457260 is divided by 131?
116
Calculate the remainder when 1200265 is divided by 16624.
3337
Calculate the remainder when 26122187 is divided by 188.
151
What is the remainder when 6938 is divided by 2265?
143
Calculate the 